{"id":799,"date":"2021-01-25T10:01:15","date_gmt":"2021-01-25T09:01:15","guid":{"rendered":"https:\/\/ilab.no\/styret\/hans-kleivdal\/"},"modified":"2023-01-23T22:46:04","modified_gmt":"2023-01-23T21:46:04","slug":"hans-kleivdal","status":"publish","type":"styret","link":"https:\/\/ilab.no\/en\/styret\/hans-kleivdal\/","title":{"rendered":"\u00d8yvind Frette"},"featured_media":954,"template":"","styrekategori":[],"class_list":["post-799","styret","type-styret","status-publish","has-post-thumbnail","hentry"],"acf":[],"yoast_head":"<!-- This site is optimized with the Yoast SEO plugin v27.4 - https:\/\/yoast.com\/product\/yoast-seo-wordpress\/ -->\n<title>\u00d8yvind Frette | ILab | Med fors\u00f8k i tankene - siden 1990<\/title>\n<meta name=\"description\" content=\"Hans Kleivdal er styremedlem i ILab. Han er konserndirekt\u00f8r i NORCE. Hans ble f\u00f8rst oppnevnt i styret i januar 2021.\" \/>\n<meta name=\"robots\" content=\"noindex, follow\" \/>\n<meta property=\"og:locale\" content=\"en_US\" \/>\n<meta property=\"og:type\" content=\"article\" \/>\n<meta property=\"og:title\" content=\"\u00d8yvind Frette | ILab | Med fors\u00f8k i tankene - siden 1990\" \/>\n<meta property=\"og:description\" content=\"Hans Kleivdal er styremedlem i ILab. Han er konserndirekt\u00f8r i NORCE. Hans ble f\u00f8rst oppnevnt i styret i januar 2021.\" \/>\n<meta property=\"og:url\" content=\"https:\/\/ilab.no\/en\/styret\/hans-kleivdal\/\" \/>\n<meta property=\"og:site_name\" content=\"ILab\" \/>\n<meta property=\"article:modified_time\" content=\"2023-01-23T21:46:04+00:00\" \/>\n<meta property=\"og:image\" content=\"https:\/\/ilab.no\/wp-content\/uploads\/2021\/01\/Oyvind-Frette-1.jpg\" \/>\n\t<meta property=\"og:image:width\" content=\"602\" \/>\n\t<meta property=\"og:image:height\" content=\"600\" \/>\n\t<meta property=\"og:image:type\" content=\"image\/jpeg\" \/>\n<meta name=\"twitter:card\" content=\"summary_large_image\" \/>\n<script type=\"application\/ld+json\" class=\"yoast-schema-graph\">{\"@context\":\"https:\\\/\\\/schema.org\",\"@graph\":[{\"@type\":\"WebPage\",\"@id\":\"https:\\\/\\\/ilab.no\\\/en\\\/styret\\\/hans-kleivdal\\\/\",\"url\":\"https:\\\/\\\/ilab.no\\\/en\\\/styret\\\/hans-kleivdal\\\/\",\"name\":\"\u00d8yvind Frette | ILab | Med fors\u00f8k i tankene - siden 1990\",\"isPartOf\":{\"@id\":\"https:\\\/\\\/ilab.no\\\/#website\"},\"primaryImageOfPage\":{\"@id\":\"https:\\\/\\\/ilab.no\\\/en\\\/styret\\\/hans-kleivdal\\\/#primaryimage\"},\"image\":{\"@id\":\"https:\\\/\\\/ilab.no\\\/en\\\/styret\\\/hans-kleivdal\\\/#primaryimage\"},\"thumbnailUrl\":\"https:\\\/\\\/ilab.no\\\/wp-content\\\/uploads\\\/2021\\\/01\\\/Oyvind-Frette-1.jpg\",\"datePublished\":\"2021-01-25T09:01:15+00:00\",\"dateModified\":\"2023-01-23T21:46:04+00:00\",\"description\":\"Hans Kleivdal er styremedlem i ILab. Han er konserndirekt\u00f8r i NORCE. Hans ble f\u00f8rst oppnevnt i styret i januar 2021.\",\"breadcrumb\":{\"@id\":\"https:\\\/\\\/ilab.no\\\/en\\\/styret\\\/hans-kleivdal\\\/#breadcrumb\"},\"inLanguage\":\"en-US\",\"potentialAction\":[{\"@type\":\"ReadAction\",\"target\":[\"https:\\\/\\\/ilab.no\\\/en\\\/styret\\\/hans-kleivdal\\\/\"]}]},{\"@type\":\"ImageObject\",\"inLanguage\":\"en-US\",\"@id\":\"https:\\\/\\\/ilab.no\\\/en\\\/styret\\\/hans-kleivdal\\\/#primaryimage\",\"url\":\"https:\\\/\\\/ilab.no\\\/wp-content\\\/uploads\\\/2021\\\/01\\\/Oyvind-Frette-1.jpg\",\"contentUrl\":\"https:\\\/\\\/ilab.no\\\/wp-content\\\/uploads\\\/2021\\\/01\\\/Oyvind-Frette-1.jpg\",\"width\":602,\"height\":600},{\"@type\":\"BreadcrumbList\",\"@id\":\"https:\\\/\\\/ilab.no\\\/en\\\/styret\\\/hans-kleivdal\\\/#breadcrumb\",\"itemListElement\":[{\"@type\":\"ListItem\",\"position\":1,\"name\":\"Home\",\"item\":\"https:\\\/\\\/ilab.no\\\/en\\\/\"},{\"@type\":\"ListItem\",\"position\":2,\"name\":\"\u00d8yvind Frette\"}]},{\"@type\":\"WebSite\",\"@id\":\"https:\\\/\\\/ilab.no\\\/#website\",\"url\":\"https:\\\/\\\/ilab.no\\\/\",\"name\":\"ILab\",\"description\":\"Med fors\u00f8k i tankene\",\"publisher\":{\"@id\":\"https:\\\/\\\/ilab.no\\\/#organization\"},\"potentialAction\":[{\"@type\":\"SearchAction\",\"target\":{\"@type\":\"EntryPoint\",\"urlTemplate\":\"https:\\\/\\\/ilab.no\\\/?s={search_term_string}\"},\"query-input\":{\"@type\":\"PropertyValueSpecification\",\"valueRequired\":true,\"valueName\":\"search_term_string\"}}],\"inLanguage\":\"en-US\"},{\"@type\":\"Organization\",\"@id\":\"https:\\\/\\\/ilab.no\\\/#organization\",\"name\":\"ILab\",\"url\":\"https:\\\/\\\/ilab.no\\\/\",\"logo\":{\"@type\":\"ImageObject\",\"inLanguage\":\"en-US\",\"@id\":\"https:\\\/\\\/ilab.no\\\/#\\\/schema\\\/logo\\\/image\\\/\",\"url\":\"https:\\\/\\\/ilab.no\\\/wp-content\\\/uploads\\\/2020\\\/10\\\/iLab_logo_sept_2020-1.png\",\"contentUrl\":\"https:\\\/\\\/ilab.no\\\/wp-content\\\/uploads\\\/2020\\\/10\\\/iLab_logo_sept_2020-1.png\",\"width\":1040,\"height\":691,\"caption\":\"ILab\"},\"image\":{\"@id\":\"https:\\\/\\\/ilab.no\\\/#\\\/schema\\\/logo\\\/image\\\/\"}}]}<\/script>\n<!-- \/ Yoast SEO plugin. -->","yoast_head_json":{"title":"\u00d8yvind Frette | ILab | Med fors\u00f8k i tankene - siden 1990","description":"Hans Kleivdal er styremedlem i ILab. Han er konserndirekt\u00f8r i NORCE. Hans ble f\u00f8rst oppnevnt i styret i januar 2021.","robots":{"index":"noindex","follow":"follow"},"og_locale":"en_US","og_type":"article","og_title":"\u00d8yvind Frette | ILab | Med fors\u00f8k i tankene - siden 1990","og_description":"Hans Kleivdal er styremedlem i ILab. Han er konserndirekt\u00f8r i NORCE. Hans ble f\u00f8rst oppnevnt i styret i januar 2021.","og_url":"https:\/\/ilab.no\/en\/styret\/hans-kleivdal\/","og_site_name":"ILab","article_modified_time":"2023-01-23T21:46:04+00:00","og_image":[{"width":602,"height":600,"url":"https:\/\/ilab.no\/wp-content\/uploads\/2021\/01\/Oyvind-Frette-1.jpg","type":"image\/jpeg"}],"twitter_card":"summary_large_image","schema":{"@context":"https:\/\/schema.org","@graph":[{"@type":"WebPage","@id":"https:\/\/ilab.no\/en\/styret\/hans-kleivdal\/","url":"https:\/\/ilab.no\/en\/styret\/hans-kleivdal\/","name":"\u00d8yvind Frette | ILab | Med fors\u00f8k i tankene - siden 1990","isPartOf":{"@id":"https:\/\/ilab.no\/#website"},"primaryImageOfPage":{"@id":"https:\/\/ilab.no\/en\/styret\/hans-kleivdal\/#primaryimage"},"image":{"@id":"https:\/\/ilab.no\/en\/styret\/hans-kleivdal\/#primaryimage"},"thumbnailUrl":"https:\/\/ilab.no\/wp-content\/uploads\/2021\/01\/Oyvind-Frette-1.jpg","datePublished":"2021-01-25T09:01:15+00:00","dateModified":"2023-01-23T21:46:04+00:00","description":"Hans Kleivdal er styremedlem i ILab. Han er konserndirekt\u00f8r i NORCE. Hans ble f\u00f8rst oppnevnt i styret i januar 2021.","breadcrumb":{"@id":"https:\/\/ilab.no\/en\/styret\/hans-kleivdal\/#breadcrumb"},"inLanguage":"en-US","potentialAction":[{"@type":"ReadAction","target":["https:\/\/ilab.no\/en\/styret\/hans-kleivdal\/"]}]},{"@type":"ImageObject","inLanguage":"en-US","@id":"https:\/\/ilab.no\/en\/styret\/hans-kleivdal\/#primaryimage","url":"https:\/\/ilab.no\/wp-content\/uploads\/2021\/01\/Oyvind-Frette-1.jpg","contentUrl":"https:\/\/ilab.no\/wp-content\/uploads\/2021\/01\/Oyvind-Frette-1.jpg","width":602,"height":600},{"@type":"BreadcrumbList","@id":"https:\/\/ilab.no\/en\/styret\/hans-kleivdal\/#breadcrumb","itemListElement":[{"@type":"ListItem","position":1,"name":"Home","item":"https:\/\/ilab.no\/en\/"},{"@type":"ListItem","position":2,"name":"\u00d8yvind Frette"}]},{"@type":"WebSite","@id":"https:\/\/ilab.no\/#website","url":"https:\/\/ilab.no\/","name":"ILab","description":"Med fors\u00f8k i tankene","publisher":{"@id":"https:\/\/ilab.no\/#organization"},"potentialAction":[{"@type":"SearchAction","target":{"@type":"EntryPoint","urlTemplate":"https:\/\/ilab.no\/?s={search_term_string}"},"query-input":{"@type":"PropertyValueSpecification","valueRequired":true,"valueName":"search_term_string"}}],"inLanguage":"en-US"},{"@type":"Organization","@id":"https:\/\/ilab.no\/#organization","name":"ILab","url":"https:\/\/ilab.no\/","logo":{"@type":"ImageObject","inLanguage":"en-US","@id":"https:\/\/ilab.no\/#\/schema\/logo\/image\/","url":"https:\/\/ilab.no\/wp-content\/uploads\/2020\/10\/iLab_logo_sept_2020-1.png","contentUrl":"https:\/\/ilab.no\/wp-content\/uploads\/2020\/10\/iLab_logo_sept_2020-1.png","width":1040,"height":691,"caption":"ILab"},"image":{"@id":"https:\/\/ilab.no\/#\/schema\/logo\/image\/"}}]}},"_links":{"self":[{"href":"https:\/\/ilab.no\/en\/wp-json\/wp\/v2\/styret\/799","targetHints":{"allow":["GET"]}}],"collection":[{"href":"https:\/\/ilab.no\/en\/wp-json\/wp\/v2\/styret"}],"about":[{"href":"https:\/\/ilab.no\/en\/wp-json\/wp\/v2\/types\/styret"}],"wp:featuredmedia":[{"embeddable":true,"href":"https:\/\/ilab.no\/en\/wp-json\/wp\/v2\/media\/954"}],"wp:attachment":[{"href":"https:\/\/ilab.no\/en\/wp-json\/wp\/v2\/media?parent=799"}],"wp:term":[{"taxonomy":"styrekategori","embeddable":true,"href":"https:\/\/ilab.no\/en\/wp-json\/wp\/v2\/styrekategori?post=799"}],"curies":[{"name":"wp","href":"https:\/\/api.w.org\/{rel}","templated":true}]}}

Øyvind Frette

<!-- This site is optimized with the Yoast SEO plugin v27.4 - https://yoast.com/product/yoast-seo-wordpress/ -->
<title>Øyvind Frette | ILab | Med forsøk i tankene - siden 1990</title>
<meta name="description" content="Hans Kleivdal er styremedlem i ILab. Han er konserndirektør i NORCE. Hans ble først oppnevnt i styret i januar 2021." />
<meta name="robots" content="noindex, follow" />
<meta property="og:locale" content="en_US" />
<meta property="og:type" content="article" />
<meta property="og:title" content="Øyvind Frette | ILab | Med forsøk i tankene - siden 1990" />
<meta property="og:description" content="Hans Kleivdal er styremedlem i ILab. Han er konserndirektør i NORCE. Hans ble først oppnevnt i styret i januar 2021." />
<meta property="og:url" content="https://ilab.no/en/styret/hans-kleivdal/" />
<meta property="og:site_name" content="ILab" />
<meta property="article:modified_time" content="2023-01-23T21:46:04+00:00" />
<meta property="og:image" content="https://ilab.no/wp-content/uploads/2021/01/Oyvind-Frette-1.jpg" />
	<meta property="og:image:width" content="602" />
	<meta property="og:image:height" content="600" />
	<meta property="og:image:type" content="image/jpeg" />
<meta name="twitter:card" content="summary_large_image" />
<script type="application/ld+json" class="yoast-schema-graph">{"@context":"https:\/\/schema.org","@graph":[{"@type":"WebPage","@id":"https:\/\/ilab.no\/en\/styret\/hans-kleivdal\/","url":"https:\/\/ilab.no\/en\/styret\/hans-kleivdal\/","name":"Øyvind Frette | ILab | Med forsøk i tankene - siden 1990","isPartOf":{"@id":"https:\/\/ilab.no\/#website"},"primaryImageOfPage":{"@id":"https:\/\/ilab.no\/en\/styret\/hans-kleivdal\/#primaryimage"},"image":{"@id":"https:\/\/ilab.no\/en\/styret\/hans-kleivdal\/#primaryimage"},"thumbnailUrl":"https:\/\/ilab.no\/wp-content\/uploads\/2021\/01\/Oyvind-Frette-1.jpg","datePublished":"2021-01-25T09:01:15+00:00","dateModified":"2023-01-23T21:46:04+00:00","description":"Hans Kleivdal er styremedlem i ILab. Han er konserndirektør i NORCE. Hans ble først oppnevnt i styret i januar 2021.","breadcrumb":{"@id":"https:\/\/ilab.no\/en\/styret\/hans-kleivdal\/#breadcrumb"},"inLanguage":"en-US","potentialAction":[{"@type":"ReadAction","target":["https:\/\/ilab.no\/en\/styret\/hans-kleivdal\/"]}]},{"@type":"ImageObject","inLanguage":"en-US","@id":"https:\/\/ilab.no\/en\/styret\/hans-kleivdal\/#primaryimage","url":"https:\/\/ilab.no\/wp-content\/uploads\/2021\/01\/Oyvind-Frette-1.jpg","contentUrl":"https:\/\/ilab.no\/wp-content\/uploads\/2021\/01\/Oyvind-Frette-1.jpg","width":602,"height":600},{"@type":"BreadcrumbList","@id":"https:\/\/ilab.no\/en\/styret\/hans-kleivdal\/#breadcrumb","itemListElement":[{"@type":"ListItem","position":1,"name":"Home","item":"https:\/\/ilab.no\/en\/"},{"@type":"ListItem","position":2,"name":"Øyvind Frette"}]},{"@type":"WebSite","@id":"https:\/\/ilab.no\/#website","url":"https:\/\/ilab.no\/","name":"ILab","description":"Med forsøk i tankene","publisher":{"@id":"https:\/\/ilab.no\/#organization"},"potentialAction":[{"@type":"SearchAction","target":{"@type":"EntryPoint","urlTemplate":"https:\/\/ilab.no\/?s={search_term_string}"},"query-input":{"@type":"PropertyValueSpecification","valueRequired":true,"valueName":"search_term_string"}}],"inLanguage":"en-US"},{"@type":"Organization","@id":"https:\/\/ilab.no\/#organization","name":"ILab","url":"https:\/\/ilab.no\/","logo":{"@type":"ImageObject","inLanguage":"en-US","@id":"https:\/\/ilab.no\/#\/schema\/logo\/image\/","url":"https:\/\/ilab.no\/wp-content\/uploads\/2020\/10\/iLab_logo_sept_2020-1.png","contentUrl":"https:\/\/ilab.no\/wp-content\/uploads\/2020\/10\/iLab_logo_sept_2020-1.png","width":1040,"height":691,"caption":"ILab"},"image":{"@id":"https:\/\/ilab.no\/#\/schema\/logo\/image\/"}}]}</script>
<!-- / Yoast SEO plugin. -->

Øyvind Frette | ILab | Med forsøk i tankene - siden 1990

Hans Kleivdal er styremedlem i ILab. Han er konserndirektør i NORCE. Hans ble først oppnevnt i styret i januar 2021.

Med forsøk i tankene
